o(9).
-14
Let a(y) = y**2 + 16*y + 17. Calculate a(-15).
2
Let g(z) = -z**2 - 7*z + 9. Calculate g(-8).
1
Let s(y) = 65*y**3 - y**2. Give s(1).
64
Let o(a) = a**3 - 13*a**2 + 24*a - 26. Calculate o(11).
-4
Let u(r) = r**2 - 16*r - 8. Calculate u(11).
-63
Let b(d) = -31*d**3 - 1. Calculate b(1).
-32
Let r(a) = a**3 - 6*a**2 - 2*a - 4. Determine r(4).
-44
Let p(s) = -2*s**2 - 2*s - 1. What is p(-4)?
-25
Let b(a) = a**2 + 13*a + 12. What is b(-10)?
-18
Let p(k) = -k**3 + 49*k**2 - 2*k + 102. Determine p(49).
4
Let b(t) = t - 28. Determine b(17).
-11
Let p(b) = -2*b**2 + 26*b - 16. What is p(13)?
-16
Let i(y) = y**3 + 11*y**2 - 10*y + 14. Calculate i(-12).
-10
Let f(k) = 67*k**3 - k + 1. Calculate f(1).
67
Let c(w) = w**2 - 7*w - 32. Calculate c(10).
-2
Let f(l) = l**3 + 6*l**2 + 8*l + 1. Determine f(-5).
-14
Let v(o) = o**3 - o**2 + 2*o - 5. What is v(0)?
-5
Let z(n) = 5*n**3 + 4*n**2 - 9*n + 5. What is z(2)?
43
Let z(d) = -2*d**3 - 13*d**2 - 4*d + 3. Determine z(-6).
-9
Let i(o) = -2*o**2 + 9*o + 3. Calculate i(5).
-2
Let m(i) = 5*i - 26. Determine m(-11).
-81
Let y(m) = 3*m + 15. What is y(-7)?
-6
Let o(b) = -8*b**2 + 85*b + 16. Give o(11).
-17
Let f(q) = 2*q + 53. What is f(22)?
97
Let y(v) = v**3 - 7*v**2 - 8*v + 4. What is y(8)?
4
Let h(j) = -j**2 + 14*j - 10. What is h(15)?
-25
Let d(h) = -14*h - 1. Determine d(1).
-15
Let h(d) = 3*d - 1. Give h(2).
5
Let g(b) = b**3 + 8*b**2 + 4*b + 9. Give g(-8).
-23
Let s(w) = w**2 + 7*w - 7. Give s(-4).
-19
Let i(w) = w**2 - 2*w - 2. Determine i(0).
-2
Let h(t) = -t - 1. Give h(7).
-8
Let r(p) = -10*p - 110. Determine r(-10).
-10
Let d(q) = -q**3 + 5*q**2 - 4*q - 5. Determine d(4).
-5
Let w(f) = -f**3 - 17*f**2 + 3*f + 30. Give w(-17).
-21
Let x(w) = -2*w - 16. Determine x(-5).
-6
Let h(k) = -k**2 - 23*k - 14. Give h(-19).
62
Let q(h) = -49*h - 35. Calculate q(-1).
14
Let z(t) = -t**3 - 23*t**2 - 21*t + 34. Give z(-22).
12
Let u(p) = -p**2 + 9*p - 5. Determine u(9).
-5
Let c(h) = h**3 - 13*h**2 + h - 11. What is c(13)?
2
Let f(v) = v**2 - 5*v - 74. What is f(11)?
-8
Let x(k) = 3*k - 17. Determine x(5).
-2
Let q(m) = 5*m. Determine q(5).
25
Let y(t) = -26*t + 2. Give y(2).
-50
Let m(j) = -2*j - 3. Give m(3).
-9
Let k(h) = -h**2 + 8*h - 15. Give k(0).
-15
Let o(b) = -16*b + 6. Calculate o(1).
-10
Let a(u) = 4*u**2 + 222*u + 111. Give a(-55).
1
Let p(a) = 2*a + 22. What is p(-8)?
6
Let z(b) = -2*b**2 - 11*b + 8. Give z(-5).
13
Let a(w) = -36*w - 22. What is a(-1)?
14
Let x(h) = h**3 + h**2 - 2*h + 1. What is x(-2)?
1
Let w(g) = -111*g + 5. Calculate w(-1).
116
Let t(g) = -g**2 - 7*g + 21. What is t(-9)?
3
Let n(p) = 37*p - 8. What is n(1)?
29
Let x(a) = 3*a + 1. Give x(-8).
-23
Let d(s) = 22*s - 8. Determine d(3).
58
Let m(j) = 2*j - 2. What is m(8)?
14
Let z(b) = 7*b**3 - b**2. Determine z(1).
6
Let x(f) = -f + 6. What is x(2)?
4
Let a(g) = -17*g + 58. Determine a(4).
-10
Let m(h) = -2*h**2 + 6*h + 13. What is m(3)?
13
Let t(g) = -2*g**2 - 13*g - 9. What is t(-6)?
-3
Let z(a) = a**3 - 8*a**2 + 11*a - 7. Calculate z(7).
21
Let u(t) = t**2 + 19*t - 117. Give u(5).
3
Let p(l) = -6*l**2 + 34*l - 23. Determine p(5).
-3
Let c(m) = 7*m - 4. What is c(0)?
-4
Let l(u) = -u**3 + 11*u**2 - 11*u + 10. Give l(10).
0
Let t(f) = -11*f + 51. Calculate t(5).
-4
Let l(m) = 13*m - 34. What is l(-8)?
-138
Let i(o) = -o**2 + o. Determine i(0).
0
Let s(x) = -9*x - 30. Give s(-4).
6
Let x(b) = -b**3 - 8*b**2 + b. Determine x(-8).
-8
Let i(d) = 7*d - 27. Calculate i(4).
1
Let d(v) = 2*v**2 + 21*v + 14. Calculate d(-10).
4
Let k(x) = -x**3 - 2*x**2 + 4*x - 2. What is k(1)?
-1
Let t(w) = 9*w**3 - 3*w - 3. Determine t(-1).
-9
Let a(j) = j**2 + 12*j + 4. What is a(-11)?
-7
Let b(n) = -2*n - 67. Give b(19).
-105
Let m(n) = -n**3 + 6*n**2 - 3*n - 3. Determine m(5).
7
Let y(o) = -o**3 - 6*o**2 + 2*o + 2. Give y(-6).
-10
Let l(u) = -u**3 - 44*u**2 - 82*u + 78. Determine l(-42).
-6
Let a(d) = d**3 - 10*d**2 + d + 20. What is a(10)?
30
Let r(g) = 4*g**2 + 4*g - 3. Give r(1).
5
Let p(d) = -25*d - 265. Determine p(-10).
-15
Let y(m) = -5*m + 12. Calculate y(-6).
42
Let p(v) = 4*v**3 + 25*v**2 + 11. Determine p(-7).
-136
Let s(v) = -v**2 - 19*v + 38. Determine s(-19).
38
Let i(n) = 5*n + 17. Give i(-6).
-13
Let o(n) = n**2 - 11*n + 31. Calculate o(5).
1
Let o(t) = 12*t**2 + t - 1. Give o(2).
49
Let a(h) = -h**3 - 16*h**2 - 2*h - 13. Calculate a(-16).
19
Let y(v) = -2*v**2 - 29*v + 1. Determine y(-13).
40
Let z(u) = 15*u + 108. Calculate z(-7).
3
Let d(p) = p**2 + 6*p - 18. Calculate d(-8).
-2
Let p(y) = -4*y**2 + 72*y - 120. Calculate p(16).
8
Let k(x) = 10*x**2 + 1. Calculate k(-1).
11
Let f(r) = -r**2 - 44*r + 178. Determine f(-47).
37
Let z(u) = u**2 - 5*u - 5. Give z(6).
1
Let g(n) = -17*n + 10. What is g(-2)?
44
Let l(s) = -s - 4. Determine l(-11).
7
Let h(n) = -4*n**2 + 7*n. Give h(5).
-65
Let w(p) = -p**2 - 9*p - 12. What is w(-5)?
8
Let p(s) = s + 5. Calculate p(-4).
1
Let p(t) = t**3 + 7*t**2 - 3*t - 4. Give p(-7).
17
Let r(v) = -16*v + 245. Give r(15).
5
Let q(b) = 2*b**3 + 3*b**2 - 3*b + 2. Determine q(0).
2
Let y(i) = 5*i + 29. Calculate y(-9).
-16
Let q(z) = -15*z + 90. Give q(5).
15
Let x(b) = -2*b + 63. Give x(30).
3
Let w(y) = 26*y - 1. Calculate w(-1).
-27
Let x(u) = 19*u - 214. Give x(11).
-5
Let s(m) = m**2 - 4*m - 22. Determine s(7).
-1
Let a(i) = i**2 + 11*i - 13. What is a(-10)?
-23
Let d(a) = a**2 - 7*a + 4. Calculate d(5).
-6
Let p(j) = j**2 - 29*j + 53. Give p(27).
-1
Let z(j) = 3*j**2 + 17*j + 17. What is z(-5)?
7
Let w(a) = 17*a. Give w(1).
17
Let x(u) = -u**2 - 8*u - 2. Give x(-6).
10
Let j(a) = -a**3 + 3*a - 3. Give j(3).
-21
Let c(u) = -u**3 + 40*u**2 + 86*u - 91. Determine c(42).
-7
Let v(w) = w**3 + 16*w**2 + 15*w - 2. Give v(-15).
-2
Let a(m) = -118*m + 1297. Give a(11).
-1
Let p(g) = -g**2 + 3*g + 12. Give p(-5).
-28
Let n(d) = -d + 58. Give n(-19).
77
Let h(b) = b**3 + 25*b**2 + 1. Give h(-25).
1
Let l(f) = f**3 - 6*f**2 - 5*f + 17. Calculate l(5).
-33
Let h(l) = 14*l - 6. What is h(2)?
22
Let m(n) = n**3 + 3*n**2 - 2*n + 3. Determine m(-4).
-5
Let d(r) = 8*r - 58. Determine d(8).
6
Let t(w) = -16*w - 1. Calculate t(-1).
15
Let c(k) = 37*k - 15. Calculate c(-4).
-163
Let k(t) = t - 8. Calculate k(6).
-2
Let a(s) = -s**2 - 8*s + 28. Determine a(-9).
19
Let t(q) = -19*q - 14. What is t(-2)?
24
Let f(r) = r**2 + 15*r - 13. Determine f(-15).
-13
Let d(r) = 3*r + 3. Calculate d(5).
18
Let a(i) = i**2 + 3*i. Calculate a(-4).
4
Let m(n) = 33*n - 2. Determine m(5).
163
Let a(f) = -2*f**2 - 4*f. Give a(-3).
-6
Let s(l) = -17*l - 128. Calculate s(-10).
42
Let p(w) = -6*w + 19. What is p(3)?
1
Let u(t) = -2*t - 17. What is u(-7)?
-3
Let u(g) = g**2 - 9*g - 37. Determine u(13).
15
Let a(s) = s**3 - 7*s**2 + s - 2. Give a(7).
5
Let j(a) = a**2 + 3*a. What is j(-7)?
28
Let x(s) = 3*s**2 + 6*s - 4. Calculate x(-6).
68
Let u(c) = -c**3 - 12*c**2 - 35*c - 17. What is u(-8)?
7
Let f(t) = 2*t - 26. Determine f(9).
-8
Let r(p) = p**3 - 17*p**2 - 8. Give r(17).
-8
Let r(x) = 5*x + 4. What is r(4)?
24
Let r(h) = -h**3 + 7*h**2 + 12*h - 5. Give r(8).
27
Let w(r) = -13*r**2 + r - 1. Determine w(1).
-13
Let q(d) = 2*d + 5. Give q(-4).
-3
Let o(k) = -k**3 + 10*k**2 - 9*k + 11. Give o(9).
11
Let r(v) = -v**3 - 5*v**2 + 9*v + 3. Give r(-6).
-15
Let g(c) = -5*c + 11. What is g(2)?
1
Let u(i) = -i**2 - 10*i - 5. What is u(-11)?
-16
Let d(l) = -30*l**2 + 4*l + 6. Calculate d(-1).
-28
Let o(m) = m**3 - 5*m**2 + 5*m + 3. Calculate o(4).
7
Let v(w) = 3*w + 13. Give v(10).
43
Let s(y) = -y**2 + 20*y - 77. Determine s(15).
-2
Let t(y) = y + 3. What is t(8)?
11
Let z(v) = -v**3 + 2*v**2 - 2*v - 5. Give z(-2).
15
Let c(f) = f**2 - 7*f - 76. Calculate c(14).
22
Let j(q) = 17*q**2 - 150*q - 22. Give j(9).
5
Let r(y) = 7*y + 26. Calculate r(-7).
-23
Let l(b) = b**3 - 5*b**2 - 7*b - 1. Calculate l(8).
135
Let o(q) = -3*q**3 - 2*q**2 - 1. Give o(-2).
15
Let h(v) = -2*v**2 - 34*v + 64. Calculate h(-19).
-12
Let o(t) = -31*t + 112. Calculate o(5).
-43
Let q(n) = -n**3 - 20*n**2 + 3*n + 55. Determine q(-20).
-5
Let o(u) = -6*u - 6. What is o(-1)?
0
Let t(k) = -k**3 + 2*k**2 + 2*k - 6. What is t(2)?
-2
Let w(l) = -l**3 + 8*l**2 - 5*l + 8. Give w(6).
50
Let z(a) = -179*a + 1082. What is z(6)?
8
Let g(u) = -11*u**3 + 2*u**2 - 1. What is g(1)?
-10
Let